 is divided by 180?
176
Calculate the remainder when 41 is divided by 6.
5
Calculate the remainder when 565 is divided by 38.
33
Calculate the remainder when 29 is divided by 5.
4
Calculate the remainder when 61 is divided by 23.
15
Calculate the remainder when 7994 is divided by 998.
10
What is the remainder when 1522 is divided by 67?
48
Calculate the remainder when 136 is divided by 35.
31
What is the remainder when 32 is divided by 28?
4
Calculate the remainder when 197 is divided by 99.
98
What is the remainder when 1765 is divided by 98?
1
Calculate the remainder when 1440 is divided by 11.
10
What is the remainder when 1388 is divided by 461?
5
Calculate the remainder when 227 is divided by 39.
32
What is the remainder when 1908 is divided by 87?
81
Calculate the remainder when 250 is divided by 12.
10
What is the remainder when 151 is divided by 38?
37
What is the remainder when 14956 is divided by 18?
16
What is the remainder when 115 is divided by 25?
15
Calculate the remainder when 4933 is divided by 43.
31
Calculate the remainder when 223 is divided by 112.
111
Calculate the remainder when 93 is divided by 11.
5
What is the remainder when 67 is divided by 5?
2
What is the remainder when 2314 is divided by 61?
57
What is the remainder when 388 is divided by 22?
14
What is the remainder when 142 is divided by 21?
16
What is the remainder when 3905 is divided by 17?
12
Calculate the remainder when 107 is divided by 60.
47
What is the remainder when 145 is divided by 21?
19
What is the remainder when 205 is divided by 9?
7
What is the remainder when 360 is divided by 33?
30
What is the remainder when 2009 is divided by 67?
66
Calculate the remainder when 259 is divided by 188.
71
Calculate the remainder when 559 is divided by 113.
107
What is the remainder when 1039 is divided by 158?
91
What is the remainder when 705 is divided by 141?
0
Calculate the remainder when 19 is divided by 17.
2
What is the remainder when 53 is divided by 27?
26
What is the remainder when 93 is divided by 19?
17
What is the remainder when 112 is divided by 17?
10
What is the remainder when 149 is divided by 29?
4
What is the remainder when 126 is divided by 32?
30
What is the remainder when 6902 is divided by 13?
12
Calculate the remainder when 1736 is divided by 575.
11
Calculate the remainder when 2465 is divided by 137.
136
Calculate the remainder when 144 is divided by 10.
4
Calculate the remainder when 1296 is divided by 373.
177
Calculate the remainder when 187 is divided by 68.
51
What is the remainder when 478 is divided by 10?
8
What is the remainder when 460 is divided by 14?
12
Calculate the remainder when 445 is divided by 90.
85
What is the remainder when 3139 is divided by 5?
4
Calculate the remainder when 1138 is divided by 38.
36
Calculate the remainder when 208 is divided by 141.
67
Calculate the remainder when 140 is divided by 61.
18
What is the remainder when 804 is divided by 27?
21
What is the remainder when 244 is divided by 74?
22
What is the remainder when 71 is divided by 16?
7
Calculate the remainder when 421 is divided by 130.
31
Calculate the remainder when 478 is divided by 13.
10
What is the remainder when 382 is divided by 8?
6
Calculate the remainder when 6434 is divided by 117.
116
Calculate the remainder when 2789 is divided by 139.
9
Calculate the remainder when 2390 is divided by 13.
11
Calculate the remainder when 4738 is divided by 317.
300
What is the remainder when 222 is divided by 23?
15
What is the remainder when 1467 is divided by 51?
39
Calculate the remainder when 569 is divided by 10.
9
What is the remainder when 179 is divided by 103?
76
What is the remainder when 3495 is divided by 22?
19
What is the remainder when 120 is divided by 18?
12
Calculate the remainder when 252 is divided by 26.
18
Calculate the remainder when 143 is divided by 73.
70
Calculate the remainder when 171 is divided by 40.
11
Calculate the remainder when 2886 is divided by 152.
150
Calculate the remainder when 155 is divided by 20.
15
What is the remainder when 1071 is divided by 36?
27
What is the remainder when 14428 is divided by 15?
13
Calculate the remainder when 1159 is divided by 10.
9
Calculate the remainder when 237 is divided by 8.
5
Calculate the remainder when 1685 is divided by 19.
13
What is the remainder when 3309 is divided by 1091?
36
Calculate the remainder when 2543 is divided by 91.
86
Calculate the remainder when 273 is divided by 12.
9
Calculate the remainder when 202 is divided by 55.
37
Calculate the remainder when 236 is divided by 34.
32
Calculate the remainder when 2652 is divided by 5.
2
Calculate the remainder when 194 is divided by 69.
56
Calculate the remainder when 949 is divided by 152.
37
Calculate the remainder when 150 is divided by 22.
18
What is the remainder when 350 is divided by 116?
2
What is the remainder when 4387 is divided by 100?
87
Calculate the remainder when 96 is divided by 13.
5
What is the remainder when 166 is divided by 54?
4
What is the remainder when 1858 is divided by 106?
56
What is the remainder when 19074 is divided by 76?
74
Calculate the remainder when 98 is divided by 25.
23
What is the remainder when 10821 is divided by 17?
9
What is the remainder when 869 is divided by 58?
57
What is the remainder when 698 is divided by 79?
66
Calculate the remainder when 116 is divided by 59.
57
What is the remainder when 133 is divided by 27?
25
Calculate the remainder when 307 is divided by 7.
6
What is the remainder when 96 is divided by 9?
6
Calculate the remainder when 1380 is divided by 118.
82
Calculate the remainder when 35 is divided by 19.
16
What is the remainder when 569 is divided by 72?
65
Calculate the remainder when 90 is divided by 30.
0
What is the remainder when 8 is divided by 5?
3
What is the remainder when 145 is divided by 25?
20
What is the remainder when 159 is divided by 5?
4
Calculate the remainder when 98 is divided by 10.
8
Calculate the remainder when 358 is divided by 159.
40
What is the remainder when 233 is divided by 40?
33
Calculate the remainder when 235 is divided by 93.
49
What is the remainder when 339 is divided by 69?
63
Calculate the remainder when 24 is divided by 16.
8
What is the remainder when 753 is divided by 6?
3
Calculate the remainder when 79 is divided by 50.
29
What is the remainder when 64 is divided by 23?
18
Calculate the remainder when 2621 is divided by 105.
101
What is the remainder when 661 is divided by 202?
55
Calculate the remainder when 121 is divided by 4.
1
What is the remainder when 64 is divided by 5?
4
Calculate the remainder when 46 is divided by 14.
4
What is the remainder when 1199 is divided by 75?
74
What is the remainder when 89 is divided by 23?
20
What is the remainder when 280 is divided by 2?
0
What is the remainder when 124 is divided by 9?
7
What is the remainder when 3873 is divided by 57?
54
What is the remainder when 54 is divided by 26?
2
What is the remainder when 118 is divided by 21?
13
Calculate the remainder when 72 is divided by 19.
15
Calculate the remainder when 302 is divided by 143.
16
What is the remainder when 231 is divided by 27?
15
Calculate the remainder when 414 is divided by 84.
78
Calculate the remainder when 1269 is divided by 115.
4
What is the remainder when 437 is divided by 61?
10
What is the remainder when 613 is divided by 87?
4
What is the remainder when 593 is divided by 149?
146
What is the remainder when 635 is divided by 207?
14
What is the remainder when 50 is divided by 18?
14
Calculate the remainder when 159 is divided by 2.
1
What is the remainder when 343 is divided by 58?
53
Calculate the remainder when 3253 is divided by 11.
8
What is the remainder when 546 is divided by 275?
271
Calculate the remainder when 3035 is divided by 62.
59
Calculate the remainder when 504 is divided by 498.
6
What is the remainder when 355 is divided by 211?
144
What is the remainder when 144 is divided by 25?
19
What is the remainder when 318 is divided by 18?
12
What is the remainder when 370 is divided by 18?
10
What is the remainder when 122 is divided by 31?
29
What is the remainder when 213 is divided by 38?
23
What is the remainder when 305 is divided by 111?
83
Calculate the r